7?
6
What is the millions digit of 1317784?
1
What is the hundred thousands digit of 2301005?
3
What is the units digit of 276463?
3
What is the hundreds digit of 7537100?
1
What is the hundred thousands digit of 4419450?
4
What is the ten thousands digit of 132992?
3
What is the ten thousands digit of 4462524?
6
What is the ten thousands digit of 9354489?
5
What is the units digit of 9212906?
6
What is the hundred thousands digit of 399492?
3
What is the ten thousands digit of 1810347?
1
What is the hundred thousands digit of 686913?
6
What is the hundred thousands digit of 20458799?
4
What is the tens digit of 6859520?
2
What is the units digit of 20862698?
8
What is the units digit of 1130418?
8
What is the hundreds digit of 276381?
3
What is the ten thousands digit of 4044735?
4
What is the hundreds digit of 1154486?
4
What is the thousands digit of 5026223?
6
What is the ten thousands digit of 368810?
6
What is the millions digit of 2664173?
2
What is the tens digit of 175460?
6
What is the millions digit of 3325641?
3
What is the thousands digit of 1687536?
7
What is the ten thousands digit of 3916169?
1
What is the hundred thousands digit of 428475?
4
What is the hundreds digit of 1337062?
0
What is the thousands digit of 14170000?
0
What is the units digit of 164075?
5
What is the units digit of 11118565?
5
What is the hundreds digit of 1163341?
3
What is the hundred thousands digit of 935721?
9
What is the millions digit of 2318477?
2
What is the thousands digit of 105514?
5
What is the hundred thousands digit of 3066987?
0
What is the hundred thousands digit of 394826?
3
What is the hundreds digit of 76215?
2
What is the units digit of 14072093?
3
What is the units digit of 43291?
1
What is the units digit of 622529?
9
What is the thousands digit of 627352?
7
What is the tens digit of 1345194?
9
What is the hundred thousands digit of 7614881?
6
What is the thousands digit of 27289007?
9
What is the millions digit of 7411555?
7
What is the thousands digit of 386466?
6
What is the thousands digit of 1455913?
5
What is the thousands digit of 5326863?
6
What is the thousands digit of 17230460?
0
What is the tens digit of 7256230?
3
What is the thousands digit of 1855119?
5
What is the units digit of 102179?
9
What is the ten thousands digit of 5572077?
7
What is the hundred thousands digit of 921332?
9
What is the units digit of 516214?
4
What is the thousands digit of 31681?
1
What is the units digit of 373644?
4
What is the ten thousands digit of 376189?
7
What is the hundreds digit of 2559555?
5
What is the hundreds digit of 302594?
5
What is the tens digit of 1011045?
4
What is the hundred thousands digit of 3553152?
5
What is the units digit of 431866?
6
What is the thousands digit of 8243448?
3
What is the units digit of 10781000?
0
What is the hundred thousands digit of 5959895?
9
What is the units digit of 855702?
2
What is the tens digit of 222576?
7
What is the thousands digit of 4747355?
7
What is the hundreds digit of 1268388?
3
What is the tens digit of 258130?
3
What is the ten thousands digit of 4756616?
5
What is the hundred thousands digit of 109815?
1
What is the thousands digit of 315801?
5
What is the tens digit of 939135?
3
What is the hundreds digit of 5803376?
3
What is the millions digit of 3555006?
3
What is the hundred thousands digit of 443485?
4
What is the hundred thousands digit of 3548810?
5
What is the hundred thousands digit of 5225962?
2
What is the ten thousands digit of 1802053?
0
What is the tens digit of 33559?
5
What is the units digit of 142723?
3
What is the units digit of 4763380?
0
What is the hundred thousands digit of 620356?
6
What is the thousands digit of 1765142?
5
What is the ten thousands digit of 128876?
2
What is the tens digit of 292739?
3
What is the thousands digit of 129547?
9
What is the units digit of 274394?
4
What is the units digit of 2235059?
9
What is the units digit of 111590?
0
What is the units digit of 238086?
6
What is the units digit of 73002?
2
What is the ten thousands digit of 1291994?
9
What is the thousands digit of 548530?
8
What is the hundreds digit of 1719651?
6
What is the thousands digit of 1096142?
6
What is the hundreds digit of 33042?
0
What is the hundreds digit of 256054?
0
What is the ten thousands digit of 536619?
3
What is the millions digit of 3134381?
3
What is the units digit of 229087?
7
What is the hundred thousands digit of 3177000?
1
What is the millions digit of 11335216?
1
What is the ten thousands digit of 2453330?
5
What is the hundreds digit of 8937475?
4
What is the hundred thousands digit of 13533226?
5
What is the thousands digit of 1631648?
1
What is the ten thousands digit of 1210114?
1
What is the hundred thousands digit of 146511?
1
What is the ten thousands digit of 339376?
3
What is the thousands digit of 749333?
9
What is the ten thousands digit of 89375?
8
What is the units digit of 27884?
4
What is the ten thousands digit of 1889681?
8
What is the hundreds digit of 141615?
6
What is the thousands digit of 12390?
2
What is the hundreds digit of 177266?
2
What is the units digit of 19030015?
5
What is the tens digit of 18248289?
8
What is the tens digit of 423988?
8
What is the ten thousands digit of 515989?
1
What is the thousands digit of 1101200?
1
What is the hundreds digit of 5837204?
2
What is the ten thousands digit of 983580?
8
What is the thousands digit of 8864846?
4
What is the tens digit of 20467693?
9
What is the tens digit of 952651?
5
What is the units digit of 46612?
2
What is the ten thousands digit of 3878871?
7
What is the ten thousands digit of 328756?
2
What is the hundred thousands digit of 466235?
4
What is the hundred thousands digit of 714314?
7
What is the hundred thousands digit of 4061522?
0
What is the thousands digit of 3942?
3
What is the units digit of 52704?
4
What is the hundreds digit of 10646429?
4
What is the hundreds digit of 743491?
4
What is the units digit of 140398?
8
What is the tens digit of 299462?
6
What is the tens digit of 528094?
9
What is the units digit of 1708595?
5
What is the thousands digit of 4848286?
8
What is the ten thousands digit of 68130?
6
What is the units digit of 187106?
6
What is the hundreds digit of 3427799?
7
What is the hundreds digit of 9929747?
7
What is the tens digit of 4523858?
5
What is the tens digit of 1445997?
9
What is the units digit of 16927454?
4
What is the thousands digit of 1393519?
3
What is the ten thousands digit of 464899?
6
What is the hundreds digit of 3210312?
3
What is the hundred thousands digit of 20411219?
4
What is the units digit of 704123?
3
What is the units digit of 3494467?
7
What is the units digit of 393861?
1
What is the units digit of 233758?
8
What is the millions digit of 2001879?
2
What is the thousands digit of 1443542?
3
What is the tens digit of 190541?
4
What is the hundred thousands digit of 14081444?
0
What is the tens digit of 19439?
3
What is the hundreds digit of 56378?
3
What is the hundreds digit of 213794?
7
What is the hundreds digit of 209211?
2
What is the hundreds digit of 2472829?
8
What is the units digit of 161858?
8
What is the units digit of 714258?
8
What is the units digit of 173595?
5
What is the units digit of 798665?
5
What is the hundreds digit of 398791?
7
What is the units digit of 1764289?
9
What is the units digit of 8230840?
0
What is the tens digit of 1341925?
2
What is the millions digit of 13637597?
3
What is the hundreds digit of 99479?
4
What is the ten thousands digit of 22475675?
7
What is the hundreds digit of 73705?
7
What is the hundred thousands digit of 5590525?
5
What is the ten thousands digit of 2068933?
6
What is the units digit of 248837?
7
What is the tens digit of 1325210?
1
What is the tens digit of 84240?
4
What is the ten thousands digit of 3904461?
0
What is the ten thousands digit of 1494186?
9
What is the units digit of 33152?
2
What is the ten thousands digit of 1294418?
9
What is the hundred thousands digit of 1166420?
1
What is the millions digit of 2216224?
2
What is the ten thousands digit of 24449515?
4
What is the ten thousands digit of 16661463?
6
What is the hundreds digit of 1357683?
6
What is the hundreds digit of 4999002?
0
What is the tens digit 